00727 and 371?
371
What is the greatest common factor of 17953027 and 130897?
10069
Calculate the highest common divisor of 15240 and 207960.
120
Calculate the highest common divisor of 47772790 and 1690.
130
Calculate the greatest common divisor of 171200 and 305485.
535
What is the highest common divisor of 36814 and 29358454?
158
What is the greatest common factor of 521 and 353335948?
521
What is the highest common factor of 493632970 and 10?
10
Calculate the highest common divisor of 66722678 and 2001.
667
Calculate the highest common factor of 1872 and 698724.
468
What is the highest common factor of 838 and 18403318?
838
Calculate the greatest common divisor of 1185576 and 3792.
24
What is the greatest common factor of 54649069 and 6879?
2293
What is the greatest common divisor of 2911180 and 51700?
940
What is the highest common divisor of 115804432 and 6?
2
Calculate the highest common divisor of 3348 and 8573976.
36
What is the greatest common divisor of 2817 and 3697156?
313
What is the highest common divisor of 4880671 and 26071?
899
What is the highest common factor of 135193347 and 18?
9
Calculate the highest common divisor of 36 and 18739056.
12
What is the highest common factor of 9278888 and 128?
8
What is the highest common factor of 1656890 and 15610?
2230
Calculate the greatest common factor of 126 and 153666765.
63
Calculate the greatest common divisor of 2158667 and 3740086.
6013
Calculate the greatest common divisor of 70128 and 655568.
16
What is the greatest common factor of 184 and 16307092?
92
What is the greatest common divisor of 23 and 1448844612?
23
What is the greatest common factor of 3493 and 314688362?
499
What is the greatest common divisor of 49228 and 385884?
1588
Calculate the greatest common factor of 2457 and 418613.
13
Calculate the greatest common factor of 4670 and 4570.
10
Calculate the highest common factor of 27923147 and 161.
7
What is the greatest common factor of 3293 and 119460161?
3293
What is the greatest common factor of 178966333 and 91?
91
Calculate the highest common factor of 538189 and 384877.
1597
What is the highest common divisor of 23113411 and 3337?
71
What is the greatest common divisor of 11718332 and 47932?
2084
Calculate the highest common factor of 1378 and 12483302.
1378
What is the highest common factor of 2034 and 64451772?
18
What is the highest common divisor of 31 and 276992099?
31
What is the highest common factor of 2718991507 and 73?
73
Calculate the highest common factor of 35944118 and 238.
14
What is the greatest common factor of 1820 and 2885870?
130
Calculate the greatest common factor of 29469 and 1215467.
517
Calculate the highest common factor of 1357 and 2402074.
23
Calculate the highest common factor of 310 and 62912702.
62
What is the greatest common divisor of 121804 and 15836?
148
What is the highest common factor of 125 and 158730375?
125
Calculate the highest common factor of 64 and 118334.
2
Calculate the greatest common factor of 11928233 and 53.
53
What is the highest common divisor of 1257 and 23975599?
419
Calculate the highest common factor of 159792849 and 5241.
5241
What is the greatest common divisor of 49073137 and 1739?
37
Calculate the greatest common factor of 216 and 32356773.
27
Calculate the highest common divisor of 75805488 and 32.
16
Calculate the highest common factor of 252 and 5288886.
18
What is the highest common divisor of 7150 and 16397550?
650
What is the greatest common divisor of 1073269 and 531?
59
Calculate the greatest common divisor of 551463 and 264427.
983
Calculate the greatest common divisor of 652120 and 776.
8
What is the greatest common factor of 13727033 and 1697?
1697
Calculate the highest common factor of 2040448693 and 139.
139
What is the greatest common factor of 7816520 and 40?
40
Calculate the highest common divisor of 20475 and 1259825.
175
Calculate the highest common factor of 148731165 and 693.
99
What is the greatest common divisor of 180 and 1105530?
30
What is the highest common factor of 542932 and 3859778?
1378
What is the highest common factor of 9922230 and 6?
6
What is the highest common factor of 14182089 and 313056?
3261
What is the highest common factor of 614 and 40147925?
307
Calculate the greatest common factor of 1288623 and 24024.
21
What is the greatest common factor of 3496953 and 85284?
309
Calculate the highest common factor of 660 and 1860.
60
What is the greatest common factor of 9726025 and 25?
25
Calculate the greatest common factor of 1092 and 8208816.
84
Calculate the highest common divisor of 363961 and 2873.
13
Calculate the highest common factor of 21841491 and 238.
7
Calculate the highest common divisor of 328536 and 39060.
36
What is the highest common divisor of 2326 and 56705554?
2326
Calculate the greatest common factor of 26834400 and 36.
36
What is the highest common divisor of 425 and 20734475?
425
What is the greatest common divisor of 538024 and 43600?
872
Calculate the highest common divisor of 110 and 143812295.
55
Calculate the greatest common factor of 3689702 and 38338.
1322
What is the highest common factor of 4080 and 5375970?
30
Calculate the greatest common factor of 1406202 and 7350.
294
Calculate the highest common divisor of 2990 and 1698665.
115
What is the greatest common divisor of 32393322 and 6?
6
Calculate the greatest common factor of 25282 and 3924.
2
Calculate the highest common divisor of 19671213 and 19.
19
Calculate the highest common divisor of 250800 and 107712.
528
Calculate the highest common factor of 556790 and 28795.
65
Calculate the highest common factor of 3746545 and 567545.
935
What is the greatest common factor of 695 and 875561?
139
What is the greatest common divisor of 39915397 and 4727?
29
Calculate the greatest common factor of 632698 and 2684.
22
Calculate the greatest common factor of 48 and 5253328.
16
Calculate the greatest common factor of 1768111944 and 24.
24
What is the greatest common divisor of 19077810 and 8256?
258
What is the highest common factor of 1569352 and 28?
4
What is the greatest common divisor of 4125 and 38654?
11
What is the highest common factor of 10810 and 283130?
230
What is the greatest common divisor of 539 and 28943761?
539
What is the highest common factor of 854585 and 1005?
335
Calculate the highest common factor of 215973 and 6736.
421
Calculate the greatest common factor of 21319710 and 12430.
1130
Calculate the highest common factor of 1029324 and 65100.
372
What is the highest common divisor of 2593657 and 22?
11
Calculate the greatest common divisor of 2789472 and 2058.
294
What is the greatest common factor of 156549816 and 2?
2
Calculate the highest common factor of 53585708 and 23980.
4796
What is the greatest common divisor of 12759184 and 6251?
893
What is the highest common divisor of 330 and 2522025?
165
Calculate the greatest common factor of 87870 and 293625.
435
Calculate the highest common factor of 221 and 11586945.
17
What is the greatest common divisor of 7725 and 150525?
75
Calculate the highest common factor of 99 and 580491.
9
Calculate the greatest common factor of 95 and 26966890.
95
What is the highest common divisor of 16968 and 690960?
24
Calculate the greatest common factor of 60201700 and 1300.
1300
What is the greatest common divisor of 541543 and 41?
1
Calculate the highest common factor of 143892 and 189.
63
Calculate the greatest common factor of 1194 and 13294394.
398
Calculate the highest common divisor of 6075692 and 741468.
2716
Calculate the greatest common factor of 10949043 and 1357.
59
What is the highest common divisor of 185 and 3593995?
185
What is the greatest common factor of 2074920 and 295?
5
Calculate the greatest common divisor of 119875300 and 400.
100
Calculate the greatest common factor of 5580 and 26820270.
2790
Calculate the highest common divisor of 6390 and 1286028.
18
What is the greatest common factor of 1711 and 5536796?
1711
Calculate the highest common divisor of 257647859 and 579.
193
What is the greatest common divisor of 115 and 116460937?
23
Calculate the greatest common divisor of 71273 and 286176.
271
What is the highest common factor of 300 and 26684420?
20
What is the highest common factor of 4608 and 987372?
36
Ca